common divisor of 6 and 80.
2
Calculate the highest common divisor of 45 and 21.
3
What is the greatest common divisor of 24 and 296?
8
What is the highest common divisor of 336 and 1064?
56
What is the greatest common divisor of 1703 and 13?
13
What is the highest common factor of 22912 and 179?
179
Calculate the greatest common divisor of 234 and 3068.
26
Calculate the highest common factor of 82 and 4018.
82
What is the greatest common factor of 63 and 7443?
9
Calculate the greatest common factor of 292 and 365.
73
Calculate the greatest common factor of 15 and 70.
5
What is the greatest common factor of 112 and 84?
28
Calculate the greatest common factor of 98 and 1862.
98
Calculate the highest common factor of 129 and 344.
43
Calculate the greatest common factor of 20 and 90.
10
Calculate the greatest common factor of 1080 and 9000.
360
Calculate the highest common divisor of 1425 and 7410.
285
What is the greatest common divisor of 280 and 10?
10
Calculate the greatest common factor of 8 and 1944.
8
What is the greatest common factor of 23360 and 32?
32
Calculate the greatest common divisor of 75 and 825.
75
Calculate the highest common divisor of 444 and 2.
2
Calculate the highest common factor of 20 and 270.
10
Calculate the greatest common factor of 30 and 285.
15
What is the greatest common factor of 39 and 1209?
39
What is the highest common divisor of 42 and 8386?
14
Calculate the greatest common factor of 22 and 11.
11
What is the greatest common factor of 205 and 30750?
205
Calculate the highest common factor of 33 and 528.
33
What is the greatest common factor of 462 and 1925?
77
Calculate the highest common factor of 198 and 126.
18
Calculate the highest common divisor of 21 and 39.
3
What is the greatest common factor of 2227 and 17?
17
Calculate the greatest common divisor of 3 and 156.
3
What is the highest common divisor of 40 and 4780?
20
What is the highest common divisor of 8188 and 23?
23
What is the highest common divisor of 150 and 1510?
10
Calculate the highest common divisor of 308 and 5159.
77
Calculate the highest common factor of 39 and 2652.
39
What is the greatest common divisor of 10 and 42?
2
What is the highest common factor of 1883 and 19637?
269
Calculate the greatest common divisor of 1100 and 22.
22
What is the greatest common divisor of 15 and 3?
3
Calculate the greatest common factor of 131164 and 484.
484
What is the greatest common divisor of 34 and 6?
2
Calculate the highest common divisor of 456 and 171.
57
Calculate the highest common factor of 1859 and 429.
143
What is the greatest common divisor of 112 and 28?
28
What is the highest common factor of 273 and 13?
13
Calculate the greatest common divisor of 341 and 55.
11
Calculate the greatest common factor of 508 and 127.
127
What is the highest common factor of 235 and 5?
5
Calculate the greatest common divisor of 720 and 40.
40
Calculate the highest common divisor of 49390 and 110.
110
What is the highest common divisor of 190 and 3490?
10
What is the highest common factor of 18 and 96?
6
What is the highest common factor of 68 and 9639?
17
Calculate the greatest common divisor of 3036 and 5244.
276
Calculate the highest common factor of 650 and 65.
65
Calculate the highest common divisor of 1216 and 836.
76
Calculate the highest common factor of 152 and 76.
76
What is the greatest common factor of 26 and 46826?
26
What is the greatest common divisor of 88 and 77?
11
What is the greatest common factor of 1406 and 2072?
74
Calculate the greatest common factor of 76 and 361.
19
What is the greatest common divisor of 6139 and 7?
7
Calculate the highest common divisor of 2200 and 22.
22
Calculate the highest common divisor of 2907 and 1026.
171
Calculate the highest common factor of 91 and 1456.
91
Calculate the greatest common divisor of 481 and 39.
13
Calculate the greatest common factor of 574 and 630.
14
Calculate the greatest common factor of 217 and 28.
7
Calculate the highest common divisor of 14647 and 97.
97
Calculate the highest common factor of 1295 and 4995.
185
What is the greatest common divisor of 182 and 17654?
182
Calculate the greatest common factor of 272 and 24.
8
Calculate the greatest common factor of 240 and 60.
60
Calculate the highest common factor of 513 and 228.
57
Calculate the greatest common divisor of 31 and 2077.
31
Calculate the highest common factor of 1260 and 140.
140
Calculate the highest common factor of 12 and 2724.
12
What is the highest common divisor of 415 and 581?
83
Calculate the highest common factor of 26 and 20579.
13
Calculate the greatest common divisor of 480 and 4128.
96
Calculate the greatest common factor of 572 and 44.
44
Calculate the greatest common factor of 184 and 8.
8
Calculate the greatest common divisor of 1173 and 51.
51
What is the highest common divisor of 1452 and 3828?
132
What is the greatest common divisor of 4450 and 50?
50
What is the greatest common factor of 93 and 5053?
31
What is the highest common divisor of 158 and 74?
2
What is the greatest common divisor of 513 and 27?
27
Calculate the greatest common divisor of 900 and 10.
10
What is the highest common factor of 43695 and 45?
45
What is the highest common factor of 434 and 124?
62
Calculate the greatest common divisor of 228 and 48.
12
What is the highest common divisor of 440 and 160?
40
What is the greatest common divisor of 20 and 108?
4
What is the greatest common divisor of 171 and 10089?
171
What is the greatest common factor of 46 and 92?
46
Calculate the highest common factor of 444 and 84.
12
Calculate the greatest common divisor of 2 and 92.
2
What is the highest common factor of 34002 and 36?
18
Calculate the highest common divisor of 70 and 230.
10
What is the greatest common divisor of 22 and 3399?
11
What is the greatest common factor of 58 and 25027?
29
Calculate the highest common factor of 125 and 90.
5
Calculate the greatest common divisor of 405 and 1020.
15
What is the greatest common divisor of 16 and 1784?
8
What is the greatest common divisor of 884 and 52?
52
What is the greatest common factor of 24 and 9096?
24
What is the highest common divisor of 2009 and 82?
41
Calculate the highest common factor of 18 and 99.
9
What is the greatest common factor of 28 and 4683?
7
Calculate the greatest common divisor of 88 and 17336.
88
What is the highest common factor of 1404 and 676?
52
Calculate the highest common factor of 1585 and 60.
5
Calculate the greatest common divisor of 2286 and 396.
18
What is the highest common factor of 679 and 776?
97
What is the greatest common factor of 62 and 2666?
62
Calculate the greatest common factor of 80 and 20.
20
What is the highest common divisor of 910 and 13?
13
Calculate the greatest common factor of 66 and 768.
6
Calculate the highest common factor of 117 and 208.
13
Calculate the highest common divisor of 128 and 272.
16
What is the highest common factor of 31 and 4?
1
What is the highest common divisor of 12 and 148?
4
Calculate the highest common factor of 7 and 10535.
7
What is the greatest common divisor of 1742 and 1206?
134
Calculate the greatest common divisor of 162 and 6.
6
What is the highest common divisor of 8800 and 100?
100
What is the highest common factor of 231 and 770?
77
What is the highest common divisor of 1221 and 33?
33
Calculate the highest common factor of 9 and 104.
1
What is the greatest common factor of 154 and 40656?
154
Calculate the greatest common factor of 456 and 38.
38
What is the highest common factor of 3 and 159?
3
What is the greatest common factor of 1760 and 140?
20
What is the greatest common divisor of 30 and 920?
10
Calculate the highest common divisor of 30 and 10.
10
Calculate the highest common divisor of 1358 and 582.
194
Calculate the highest common divisor of 230 and 110.
10
Calculate the greatest common divisor of 18800 and 100.
100
What is the highest common factor of 29 and 725?
29
What is the highest common divisor of 368 and 48?
16
What is the greatest common factor of 2 and 218?
2
Calculate the greatest common divisor of 3 and 6.
3
What is the greatest common divisor of 234 and 216?
18
Calculate the highest common divisor of 21 and 833.
7
Calculate the highest common divisor of 55 and 2343.
11
Wha